j = i + n. What is the units digit of j?
9
What is the hundreds digit of (4 - 4) + 3 - -149?
1
Suppose 19 + 17 = -4*u. Let l(g) = g + 7. Let j be l(-5). Let c = j - u. What is the units digit of c?
1
Suppose 0 = y - 2*y + 88. What is the tens digit of y?
8
Let y(t) = 45*t + 21. What is the units digit of y(6)?
1
What is the units digit of 304/10 - (-8)/(-20)?
0
Let j(i) = 3*i + 11. What is the tens digit of j(6)?
2
Let l(g) = -4*g - 2. What is the tens digit of l(-8)?
3
What is the units digit of 4 - (-276)/(7 - 3)?
3
Let i = -2 + 2. Suppose i = 2*n + 2*n. Suppose n = 5*q - 3*q - 4. What is the units digit of q?
2
Let w(a) = a**2 - 2 + 5*a - a**2 + a**2 + 4. What is the units digit of w(-5)?
2
Suppose -5*u - 1 = -16. Suppose 0 = -2*f + 2*q + 20, u*f - 34 + 8 = 5*q. Let a = -3 + f. What is the units digit of a?
9
Suppose 5*u = -l + 79, -2*u + 3*u + 2*l = 14. Let g = u + -12. What is the units digit of g?
4
Suppose y - 2*p - 12 = -5*p, -15 = -4*y - p. Suppose -a - y*a + 108 = -w, 5*w = 0. What is the tens digit of a?
2
Let q(t) = -19*t + 84. What is the units digit of q(-9)?
5
Let b be (1 - 3) + 1*15. Suppose b = p + 3. What is the tens digit of p?
1
Suppose -4*i = -2*h + h - 17, -h = i - 8. Let g = 8 + h. What is the tens digit of g?
1
Let v(p) = -2*p**3 - p**2 - 3*p - 2. Let b be v(-2). Let u = -8 + b. What is the units digit of u?
8
Let l(q) = 6 - 1 + 0*q**2 - 4*q**2 + q**3 - 2*q**2. What is the units digit of l(6)?
5
Suppose -j + 0*j = -5. Let i = j + 17. What is the tens digit of i?
2
Suppose -3*m = 2*q - 107, 17 = m - 4*q - 14. Suppose m = -4*c + 11. Let b = c - -14. What is the units digit of b?
8
Suppose -4*x + x = 0. What is the units digit of (20/8 + x)*2?
5
Let l be -1 + -26 + (-3)/(-1). What is the units digit of l*((-5)/3 - -1)?
6
What is the units digit of (14*8/28)/(0 - -1)?
4
Suppose 4*y = 9 - 1. Suppose -2*x + 4 = -y. Suppose -3*h - x = -6*h. What is the units digit of h?
1
Let o = 0 + 4. Let j = -8 + o. Let i(w) = -3*w - 4. What is the units digit of i(j)?
8
Let l be 88/(-3) + 6/(-9). Let r be (l/4)/((-2)/4). Suppose 5*i - r = 45. What is the tens digit of i?
1
Let w = 71 + -32. What is the tens digit of w?
3
Suppose 2*z + 5 + 1 = 2*n, -4*n + 5*z = -11. Suppose 120 = n*x + 2*w + w, -w = x - 31. What is the tens digit of x?
2
Let r = -2 - -2. Suppose r = -m + v + 10, 5*v + 17 = 2*m - 0*m. Let l = m - 6. What is the units digit of l?
5
Suppose 5 = q - 0. Suppose q*b = b + 4. What is the units digit of (-4*b)/(-1) + 2?
6
What is the hundreds digit of 1/((-6)/18) + 0 + 280?
2
Let n(q) = 2*q**2 - 3*q + 2. Let m(t) = -t + 10. Let k be m(8). Let g be n(k). Suppose 0 = -6*u + g*u + 4. What is the units digit of u?
2
Suppose -45 = -h - 39. What is the units digit of h?
6
Let n = -69 + 100. What is the tens digit of n?
3
Let d = 8 - -33. What is the units digit of d?
1
Suppose -p + 228 = -3*y, 2*y = -0*y - 4*p - 138. What is the tens digit of ((-6)/(-5))/((-5)/y)?
1
What is the units digit of 12*3/24*86?
9
Suppose 0 = -3*x - 3*o + 954, -3*x = -3*o - 307 - 671. What is the hundreds digit of x?
3
Let s(h) = -h**2 + 5*h - 2. Let z be s(2). Let m = -5 + z. What is the units digit of (3 + -5)/(m + 0)?
2
Let s(l) = 65*l + 1. Let m be s(1). Suppose 2*c - m = -c. What is the tens digit of c?
2
Let w(x) = -x**2 + 5*x + 5. What is the units digit of w(5)?
5
Let o be 1 - 1 - (-35 - -1). Let b = o + -18. Suppose -2 + b = 2*g. What is the units digit of g?
7
Suppose 3*r + 1 = -2*h + 8, -5*h = 4*r - 14. Suppose h*l - 10 = -0*l. What is the units digit of l?
5
Let c be (-140)/(-63) - (-2)/(-9). Suppose 2*h - 2 = 2*a, -2*h + c = 4*a - 0*h. Suppose a = -2*i + 5*i - 33. What is the tens digit of i?
1
Suppose 2*t = -2*t + 12. What is the units digit of t - 6/((-24)/140)?
8
Suppose 0 = 4*d + 3*m - 1 - 14, 2*d - 3*m = 3. What is the units digit of d?
3
Let l(i) = 3*i**2 + 29*i + 18. What is the tens digit of l(-11)?
6
Suppose -7 = -s + 5*k, 5*s - 2*k = -k - 13. Let i be 3/2*(s - -1). Let d(u) = u + 7. What is the units digit of d(i)?
4
Let x = 3 - 0. Let l be (-4)/10 + x/(-5). What is the units digit of 2/l*54/(-12)?
9
Let v be (4/(-3))/(2/(-6)). Let g(l) be the first derivative of l**2 + 3*l - 5. What is the tens digit of g(v)?
1
Suppose -3*a = -5*c + 27, 3 = c + 4*c + 3*a. Suppose 8 = 5*i + c. What is the units digit of i?
1
Let s(f) = -f**2 + 6*f + 3. Let h be s(5). Suppose 2*n + 2*n + h = 0. What is the units digit of -1*(-1 + 4/n)?
3
Suppose -4*o + 37 + 19 = 0. What is the units digit of 3*o*4/24?
7
Suppose 2*o + 5 = -3*o. Let y be (4/(-3))/(o/(-3)). Let j = y - -16. What is the units digit of j?
2
Let m(q) = -20*q**3 + 2*q + 2. What is the units digit of m(-2)?
8
Suppose 2*o - 77 - 73 = 0. Suppose 0*s - q - o = -4*s, s - 3*q = 5. What is the units digit of s?
0
Suppose -4*w + 417 = -163. Suppose 4*p - w = y, 2*p - 46 = -2*y + 24. What is the units digit of p?
6
Let c = 21 - 18. Suppose -2*l - 75 = -7*l. Suppose 32 = 5*w - c*r, -3*w + l = -2*r - 4. What is the units digit of w?
7
Let l(m) = 10*m**2 + 1. Let z(v) = 2*v + 5. Let n be z(-3). What is the tens digit of l(n)?
1
Let t(x) = -x + 1 + 9*x - 2. Let i be t(1). Suppose 5*n + 14 + i = 2*r, -3*r - 4*n = -43. What is the units digit of r?
3
Let m = 9 + -4. Suppose -1 = -0*v + v - m*z, -z = -4. What is the units digit of v?
9
Let r = -10 + 22. Suppose 4*t + r = 4*h, 0 = 5*h + 2*t + 3*t + 5. What is the units digit of h?
1
Let g(s) = -s**3 + 3*s**2 - 1. Let u be g(2). Suppose -u*o - 5*z = -44, -2*o + 3*z + 42 = -0*o. Suppose -2*f - o = -4*f. What is the units digit of f?
9
Let v(r) = -12*r**3 + r**2 - 3*r - 3. What is the tens digit of v(-2)?
0
Suppose 18 = -2*y - 20. Let x = 4 - y. What is the tens digit of x?
2
Let j(k) = -k**3 + 4*k**2 + 6*k - 3. Let g be j(5). Let f be 18/4 - (-1)/g. What is the units digit of f/20 - 27/(-4)?
7
Let j(d) = d + 17. What is the tens digit of j(21)?
3
Suppose 0*k + 5*k - 722 = -3*c, k - 5*c = 150. What is the units digit of k?
5
Suppose 127 = 3*s - 17. What is the units digit of s?
8
Let m(u) = u**3 + 14*u**2 + 3*u - 4. What is the tens digit of m(-13)?
2
Let d = 82 + -47. Suppose -3*q + d = -4*t, -4*q + 0*t + 64 = -t. What is the units digit of q?
7
Let m be 4/6*(-6)/(-2). Let x(o) = 4*o**3 + 4*o + 2. Let j(w) = 3*w**3 + 3*w + 1. Let v(h) = 3*j(h) - 2*x(h). What is the units digit of v(m)?
9
Suppose 5*w = -10, 4 = 2*i + 2*w + 2*w. What is the tens digit of 236/7 - i/(-21)?
3
What is the units digit of 507/7 - (-12)/(-28)?
2
Let i(h) = h**2 - 4*h - 3. Let r be i(5). Suppose s = -r*s - 12. Let q = s - -13. What is the units digit of q?
9
Suppose -w + 0*r - 2*r = -50, 5*w - r = 305. What is the tens digit of w?
6
Let g = 3 + -1. Let a = g + 1. Suppose -a = 3*t - 27. What is the units digit of t?
8
Let j(s) = s**2 + 1. Let a be j(-3). What is the tens digit of (-10)/25 + 484/a?
4
Let y(d) = d**2 + 9*d - 4. Let k be y(-5). Let w = k + 53. What is the units digit of w?
9
Suppose 2*t = -4*n + 134, -n + 2*t = n - 64. What is the units digit of n?
3
Let z(x) = -5*x - 15. What is the units digit of z(-11)?
0
Suppose 5*s + 31 = p, 4*p + 5*s + 0*s = 24. What is the units digit of p?
1
Suppose 56 = 2*o - 24. What is the units digit of o?
0
Suppose -2*j = -2*y - 0*j + 210, 2*j = 8. What is the hundreds digit of y?
1
Let h = -112 - -237. What is the tens digit of h?
2
Let k = -7 + 12. Suppose y + 5 = k*i + 50, 4*i = -y. What is the tens digit of y?
2
Let n(w) = -w**2 + 9*w. Let u be n(6). Let y = -2 - -4. Suppose -a + u = y*a. What is the units digit of a?
6
Let m = 10 - 7. Suppose 64 = m*j + j. What is the units digit of j?
6
Suppose 0 = -8*b - 6*b + 1890. What is the tens digit of b?
3
Let b(v) = v**2 - v + 6. Let z be b(0). Let d(s) = s. What is the units digit of d(z)?
6
Suppose 3*w + 2*l = 54, 3*w - 4*l + 2*l = 66. What is the tens digit of w?
2
Suppose 0 = 4*h - 11 - 69. What is the units digit of h?
0
Let h = 17 + -17. Suppose h = 2*u, 0*m + 3*u = 3*m - 6. What is the units digit of m?
2
Let p(k) = k**3 - k**2 - k. Let g be p(0). Suppose g = -2*f - 4, -v + 1 = 2*f - 0. Suppose 5*q = -4*b + 93, -3*q - v*b = 17 - 78. What is the tens digit of q?
1
Let z be 4/(-10) - (-632)/5. Let c(b) = b**2 + 10*b - 5. Let s be c(-11). What is the tens digit of s/(-10) - z/(-10)?
1
Suppose 